 n(o) = o**3 + 14*o**2 - 11*o - 22. Let a be n(-12). Suppose 4*l + 4*q - 552 = 0, -a = 3*l - 6*l + q. List the prime factors of l.
2, 67
Let p = 60 + -96. Let x = p + 39. Suppose 7*f - 158 = -x*h + 6*f, 5*h = -4*f + 268. List the prime factors of h.
2, 13
Let q = 3231 + -107. List the prime factors of (-1 + 2)/(11/q).
2, 71
Suppose -2*k + 46418 = -10*q + 288506, 5*k + 48413 = 2*q. List the prime factors of q.
43, 563
Suppose h + 9*h = 0. Suppose -3*b = -h*b + 9, -159 = -3*d + 2*b. Suppose -155 = -4*r - d. List the prime factors of r.
2, 13
Let h = -326 - -329. List the prime factors of 1 + 8 + (1004 - h).
2, 5, 101
List the prime factors of 1*18323/3 - (-30)/90.
2, 3, 509
Let x = -6 + 7. Let n be -3*x*68/(-6). Let m = 42 - n. What are the prime factors of m?
2
Let s(g) = g**3 - 20*g**2 + 16*g + 10. Suppose l + 81 = 4*t, 5*t - 19 = -3*l + 78. List the prime factors of s(t).
2, 3, 5, 11
Suppose 17 = 3*z + 4*r, -4*z + 2*r + 31 = -r. Suppose -1998 = -z*q + 1614. What are the prime factors of q?
2, 3, 43
Let n(k) = -k**3 - 2*k**2 + k - 3. Let u be n(-5). Suppose 4*s - 5*x + 485 = 324, x + 29 = -s. Let w = u - s. List the prime factors of w.
101
Let h = 804 + -311. Let x = 1250 - h. What are the prime factors of x?
757
Let u be ((-27)/15)/(3*(-6)/60). Suppose u*r + 4*r = 3300. What are the prime factors of r?
2, 3, 5, 11
Suppose 0 = -279*v + 280*v - 2*n - 19378, 0 = 5*v + 5*n - 97025. List the prime factors of v.
2, 13, 373
Let l = 132 - 125. What are the prime factors of (-17 + l)*412/(-10)?
2, 103
Suppose 74*t - 68*t + 1896 = 0. List the prime factors of (t + 13 + -6)*-3.
3, 103
Let c(m) = m**3 + m**2 - 11*m + 5. Let n be c(10). Suppose 0 = -7*j + 349 + n. Let d = j + -71. List the prime factors of d.
11
Suppose 3*u + 3*a = 29673, -2*u + 3744 = -4*a - 16068. List the prime factors of u.
2, 1237
Suppose -10 = 3*t + 8. Let x(s) = -163*s + 149*s + 0*s**2 - s**2 + 10. List the prime factors of x(t).
2, 29
Let o(w) = -w**3 + 37*w**2 + 84*w - 159. What are the prime factors of o(38)?
7, 227
Suppose -4*h - h + 4*q = -620, 0 = -4*h + 3*q + 496. Suppose -4 - 8 = -3*s. What are the prime factors of (0 - -1)/(s/h)?
31
Let z(n) = -n**3 - n**2 - 2*n + 3. Let k be z(0). Let d(g) = g**3 - 2*g**2 - 3*g + 5. Let m be d(k). Suppose 0 = -m*q - 44 + 439. List the prime factors of q.
79
Let j = 2420 + -385. Let s = -956 + j. List the prime factors of s.
13, 83
Suppose 69*z - 564525 = -48*z. List the prime factors of z.
5, 193
Let t = -174 - -194. List the prime factors of (-1)/((t/(-42))/10).
3, 7
Let p(i) = -7*i**2 - i - 2. Let v(r) = -6*r**2 + 9*r**2 - 1 + 0 - 2*r**2. Let h(y) = -p(y) - 6*v(y). List the prime factors of h(4).
2, 7
Suppose -43*v + 95106 = -21*v. List the prime factors of v.
3, 11, 131
Suppose -6*s + s - 167 = 4*x, 0 = -4*s + 5*x - 150. List the prime factors of 591/5 - (84/s)/3.
7, 17
List the prime factors of 69/(-299) + (4 - 187138/(-13)).
7, 11, 17
Suppose -1517 = -2*s + 4*j + 305, s - 936 = -3*j. Let d = s - 578. What are the prime factors of d?
7
Suppose 3*y - 43 = 5*t, 3*t - 35 = -2*y - 0*t. Suppose -y*r + 2748 = -12*r. What are the prime factors of r?
3, 229
Suppose x - 1754 = 5*h - 5191, -4*h = 2*x - 2744. Let w = h - 563. List the prime factors of w.
2, 31
Suppose 10*g - 12*g = -40. Suppose 12*m - g = 7*m. Suppose 283 = m*b - 65. List the prime factors of b.
3, 29
Let g(h) = 77*h - 110. Suppose b + 1 = a - 4*b, 2*a + 4*b - 16 = 0. What are the prime factors of g(a)?
2, 11
Suppose -2*p + 5*j = 24, 9*j - 3 - 63 = -4*p. Let d = -8 - -11. Suppose -4*q + 2*u + 318 = p*u, -4*q = d*u - 314. What are the prime factors of q?
2, 5
Let p = 17016 - -1375. What are the prime factors of p?
53, 347
Suppose 0 = y + 5, -50 = -3*z + 2*y - y. Suppose 0 = -2*n + z - 7. Suppose 4 - 172 = -n*o. What are the prime factors of o?
2, 3, 7
Let b = 487 - 489. List the prime factors of (373 + b)*(-6)/(-3).
2, 7, 53
Let c(b) = 481*b**2 - 96*b - 1380. What are the prime factors of c(-11)?
31, 1867
Let p(a) = -a**2 + 12*a + 30. Let o be p(14). Let y(k) = -5 + 15 - 23 + k**3 - 17*k**o - 11*k. List the prime factors of y(18).
113
Let x be ((-5)/20 + 615/12)*1. Let n = x + -49. Suppose 4*w + 522 = 8*w - 2*a, 510 = 4*w + n*a. What are the prime factors of w?
3, 43
Let d be -1 + (-21)/(-7) + (-2)/(-1). List the prime factors of (5 - d)*(-1 + 96).
5, 19
Let f(r) = r**3 + 8*r**2 - 16*r + 47. Let a be f(-10). Let z(k) = 47*k + 134. List the prime factors of z(a).
463
Suppose 0 = 7819*c - 7804*c - 193350. List the prime factors of c.
2, 5, 1289
Suppose m - 2*d = -4, -24 = -m - 4*m - d. Suppose 0 = -m*s + 4*u + 1236, u + 1220 = 4*s + 5*u. List the prime factors of s.
307
Suppose -9*u - 90 = -24*u. Let d be -4 + (950/u - 20/(-30)). Let h = d - 74. List the prime factors of h.
3
Let m(f) = -6 - 10*f - f**3 - 19 - 12*f**2 + 2. Let b be 5 + (343/(-21) - 4/6). What are the prime factors of m(b)?
97
Suppose -2*r + 2064 = 4*z + 2*r, 2066 = 4*z + 5*r. Let g = 822 - z. What are the prime factors of g?
2, 7, 11
Suppose -5*x - 5*n = -20, 0 = -0*x + 3*x - 5*n - 20. What are the prime factors of -5 - 0 - x/(75/(-12795))?
2, 53
Let b(g) = 86*g**3 + 5*g - 3. Let y be 3/2 - 8/(-16). What are the prime factors of b(y)?
5, 139
What are the prime factors of 5926/(-4)*-2*(0 - -1)?
2963
Suppose -4*d = 4, 7*o - 3*o - 4436 = -4*d. Suppose -2*g - 30 = -o. List the prime factors of g.
2, 3, 5
Let u = 99700 + -65878. What are the prime factors of u?
2, 3, 1879
Let n(s) = -s + 7. Let t(l) = -2*l + 9. Let k(h) = h - 4. Let d(c) = -10*k(c) - 6*t(c). Let z(v) = 2*d(v) + 5*n(v). What are the prime factors of z(4)?
3
Suppose -3*t + 4*n = -2057, -2*t + n + 581 = -792. Suppose 58 + t = 5*s. List the prime factors of s.
149
Suppose -4*t = -s - 4985, 0 = 5*t - 94*s + 95*s - 6238. List the prime factors of t.
29, 43
Suppose 0 = -3*r + 18*s - 14*s - 1230, -5*r = 5*s + 2085. What are the prime factors of 184/r + 11330/18?
17, 37
Let f(j) = 11*j**2 - 34. Let t be f(-10). Suppose -34*i + 8*i = -t. List the prime factors of i.
41
Let i(k) = -4*k + 16. Let u be i(5). Let g(s) = 26*s**2 + 4*s + 2. Let b be g(u). What are the prime factors of -3 + 9/(27/b)?
131
Let r(o) = -5*o + 175. Let q be r(34). Suppose -4*c = -q*t + 500, 200 = 2*t + c + 4*c. List the prime factors of t.
2, 5
Let v be (-5 - -4)/(2/6). What are the prime factors of (2 - v/(-1))*1392/(-16)?
3, 29
Suppose -68*j = -64*j + 632. Let o be 2/(-11) - j/22. Suppose 0*f - o = g - 3*f, -8 = 2*g - 4*f. What are the prime factors of g?
2
Suppose 0 = w + 7*w - 6*w. Suppose w = -17*g + 14*g. Suppose g = o - 0*o - 151. What are the prime factors of o?
151
Suppose 3*j + 4 = j. Let n be j/(9 - -3) + (-10410)/(-36). Let y = n + -147. What are the prime factors of y?
2, 71
List the prime factors of ((-4)/15*(-12605)/(-2))/((-18)/135).
5, 2521
Let j(s) = -27*s + 332. Let u(w) = 18*w - 222. Let n(v) = 5*j(v) + 7*u(v). What are the prime factors of n(0)?
2, 53
Suppose -5*u = 4*h - 46, h - 5*h = -u + 14. Suppose -u*t + t = 0. Suppose t = 5*j + 3*g - 429, -3*j = j - 4*g - 324. List the prime factors of j.
2, 3, 7
Suppose -274*a = -276*a + 24. What are the prime factors of a/(-18)*(-9)/6 + 261?
2, 131
Suppose -4*t - 11 = b, 0*t = t + 2. List the prime factors of (-4)/(60/b) - (-169)/5.
2, 17
Suppose 330 = 2*k + k. Let h be 15/30 + (-222)/4. Let u = h + k. List the prime factors of u.
5, 11
Suppose -l = -x - 4560, -2*x = 3*l - 10937 - 2773. List the prime factors of l.
2, 3, 761
Suppose 27*y - 7*y - 40 = 0. Suppose 441 = l + y*b - 72, l - 543 = 4*b. List the prime factors of l.
523
Let u(q) = -q**3 - 4*q**2 + q + 5. Suppose 7 + 3 = -2*w. Let h be u(w). Let a = 21 + h. List the prime factors of a.
2, 23
Let r be 1423/(-4) - 25/20. Let s = r + 679. List the prime factors of s.
2, 7, 23
What are the prime factors of (75/300)/(2/32) - -2*6655?
2, 3, 7, 317
Let p = -245 - -497. List the prime factors of p - ((-4)/(-1) + -9 + 6).
251
Suppose -3 = 3*p, -2*w + 2*p + 14987 - 1055 = 0. List the prime factors of w.
5, 7, 199
Suppose -1139 = -5*d + 6201. Suppose 0 = o + r - 491, 0*o + 3*o = -2*r + d. List the prime factors of o.
2, 3
Let j(r) = 37*r**2 + 71*r - 1072. List the prime factors of j(15).
2, 4159
List the prime factors of 3/(243/36) + (-25340)/(-9).
2, 11
Let c be (-3)/((-15)/(-6